= 21 + 6. What is the remainder when f is divided by 15?
12
Suppose -m - 5*k + 40 = 0, 5*m + 33 - 179 = 2*k. Calculate the remainder when 2/5 + 438/5 is divided by m.
28
Suppose 0 = -3*z + 93 - 21. Suppose -w = -x + 3*w, -x - w = -5. Calculate the remainder when z is divided by -2*((-18)/x - 2).
11
Let v = 31 + -6. What is the remainder when 29 is divided by (-39)/(-5) + 5/v?
5
Let s(t) = -11*t**3 + 2*t**2 + t. What is the remainder when 59 is divided by s(-1)?
11
Let r = 18 - 11. What is the remainder when 32 is divided by r?
4
Let j = -5 - -8. Suppose -5*r = -j*c - 46 - 19, -2*r = 2*c - 10. Calculate the remainder when r is divided by 3.
1
Suppose 26 + 1 = 4*j + 3*o, -2*o - 24 = -2*j. Suppose 24 = -q + 5*q. Calculate the remainder when 26 is divided by (j/(-2))/(q/(-12)).
8
Let s = -4 - -7. Suppose 0 = -2*j - 3*j + 3*i + 48, -4*j - s*i = -60. Let g = -26 - -61. Calculate the remainder when g is divided by j.
11
What is the remainder when 78/2 - (9 + -8) is divided by 20?
18
Let y be (-2)/6 + 8/(-3). Let m = y - -3. Suppose -4*n + r = -42, 2*n + m*r = -r + 24. Calculate the remainder when 21 is divided by n.
10
Let x(i) = 4*i + 2. Let g be x(-3). Let a = 15 + g. Calculate the remainder when 17 is divided by a.
2
Suppose -2*s = 4*h + 162, -3*h + 3*s - 99 = -0*s. Let p = h - -77. Let n = -27 + p. What is the remainder when 23 is divided by n?
11
Suppose 3*u - 140 = -5*v, 4*u - 117 = -4*v + 75. Calculate the remainder when u is divided by (-8)/(-24)*3*17.
16
Let q = 23 - 8. Let s = q - 4. Calculate the remainder when s is divided by 3.
2
Suppose 4*x + z + 0*z - 118 = 0, -2*z = -5*x + 154. Calculate the remainder when x is divided by 16.
14
Let v be 1/(28/(-8))*-7. Suppose v*w - 154 = -2*a - w, -5*a = -w - 368. What is the remainder when a is divided by 15?
14
Suppose -r + 0*r = -8. Suppose -2*v + 8 = i, r = 3*v - v + 2*i. Suppose v*c = c + 9. Calculate the remainder when c is divided by 2.
1
Let b(f) = 7*f**2 - 10*f - 17. What is the remainder when 123 is divided by b(-2)?
30
Let c = 81 + 4. What is the remainder when c is divided by 11?
8
Let m = -59 + 62. Let c(k) = k**3 + k + 11. Calculate the remainder when c(0) is divided by m.
2
Let a(r) = r**3 - 5*r**2 + 4*r. Let z be 0 - 12 - -3 - -4. What is the remainder when -1 + -1*z*12 is divided by a(5)?
19
Let s(r) = r**3 - 1. What is the remainder when s(2) is divided by (1 - 1) + 5 + -2?
1
Let i(v) = 2*v - 2 + 7*v + 2*v + 0. What is the remainder when i(3) is divided by 11?
9
Let j(m) = m - 2. Let b be j(-6). Let v = -3 - b. Let d(q) = -q**3 + 6*q**2 + 3*q - 6. What is the remainder when d(v) is divided by 12?
10
Let h(k) = 4*k - 2*k - 1 - 4*k**2 + 3*k**2 + 14*k**3. Calculate the remainder when h(1) is divided by 2*4*(-2 - -3).
6
Let k = 2 + 5. Suppose -123 = -4*u + 3*g, 2*u = 3*g + 38 + 31. What is the remainder when u is divided by k?
6
Suppose -2*l + 139 - 18 = 5*c, -l = 3*c - 61. What is the remainder when l is divided by 15?
13
Suppose j - 4*s + 2 = 66, -4*j + 2*s = -186. Calculate the remainder when 86 is divided by j.
42
Suppose -20 = -4*j - 4*r, 2*r - 37 + 6 = -5*j. Let w = -4 + j. Suppose 7*l - 24 = w*l. What is the remainder when l is divided by 4?
2
Suppose -22 - 43 = -5*d. Suppose 2*n - 18 = -4*r, -4*r = -4*n + 2*n - 38. What is the remainder when d is divided by r?
6
Let j = -25 - -45. Calculate the remainder when 58 - (-4 - (-7 - -4)) is divided by j.
19
Suppose -5*b - 70 = -5*z, -7*b + 97 = 5*z - 3*b. Calculate the remainder when 31 is divided by z.
14
Suppose -2*m + s + 30 = 0, -3*s = -2*m + s + 30. What is the remainder when m is divided by 9?
6
Suppose 7*g = -5*j + 2*g + 15, 5 = j - g. Suppose 0 = -x + q - 10 + 37, -2*x + j*q + 52 = 0. What is the remainder when 54 is divided by x?
26
Suppose 0 = 8*f - 3*f - 185. What is the remainder when f is divided by 13?
11
Let q(g) = 24*g. Let k be q(1). Let l = k + 1. Suppose r - l = -0*r. What is the remainder when r is divided by 9?
7
Let r(i) = -20*i**3 - i**2 - 2*i - 1. Let h be r(-1). Suppose -f + 5 + h = 0. Calculate the remainder when f is divided by 14.
11
Suppose 0 = 4*d, 2*f = -2*d + 32 + 4. What is the remainder when (-34)/(-4)*(0 + 4) is divided by f?
16
Let c = -3 - -4. Suppose 4*w - 5*w = -c. Suppose 3*k - b - 3 = 1, 0 = -2*k + 2*b. Calculate the remainder when k is divided by w.
0
Suppose 0 = -l - 26 + 39. Calculate the remainder when (2 - 3 - -3) + 49 is divided by l.
12
Suppose -61 = -o + 29. Suppose 170 + o = 4*t. What is the remainder when t is divided by 22?
21
Suppose -d - 14 = -2*d. Suppose 71 = 3*u + d. Calculate the remainder when 55 is divided by u.
17
Suppose 3*r - 252 = -3*y, y + 3*y = 5*r + 327. What is the remainder when y is divided by 14?
13
Suppose 0*r = 4*r - 172. Suppose 5*h = -i + 115, 0 = -2*i + 5*i. What is the remainder when r is divided by h?
20
Let a = 17 + -1. Let d = -13 + a. Calculate the remainder when 5 is divided by d.
2
Suppose -3*j - 5*w = 73, 2*w + 40 = -4*j - 48. Let g = j - -29. What is the remainder when 14 is divided by g?
6
Suppose 2*o - 3*l = 25 + 149, -242 = -3*o - 5*l. What is the remainder when o is divided by 29?
26
Suppose -4*y + 173 = -39. What is the remainder when y is divided by 18?
17
Suppose 5*r + 3*c - 305 = 0, -2*c = 3*r - 2*r - 68. Let z be -3 + 6 + 0 + -1. Calculate the remainder when r is divided by (3 - 1)/z*20.
18
Let c be (2 - 1)*(-24)/(-4). Suppose 21 = o - 3*a, 4*a - c*a + 30 = 3*o. Let z(q) = q**3 + 6*q**2 - 5*q + 5. Calculate the remainder when z(-6) is divided by o.
11
Suppose -3*b + 11*b = 376. Calculate the remainder when b is divided by 10.
7
Let d(a) be the second derivative of a**5/20 - 5*a**4/6 + 11*a**3/6 - a**2 + 3*a. Calculate the remainder when 61 is divided by d(9).
13
Let r(v) = 8*v + 3. Let o(h) = -25*h - 10. Let x(s) = -3*o(s) - 10*r(s). Calculate the remainder when x(-3) is divided by 8.
7
Let w = 62 + -51. Calculate the remainder when 61 is divided by w.
6
Suppose 4*b + 5*w - 74 = 101, -4*w = 4. Calculate the remainder when b is divided by 12.
9
Suppose -5*z - 28 = -u, -3*z + 71 - 28 = 4*u. What is the remainder when 61 is divided by u?
9
Suppose -9*x - 54 = -10*x. Calculate the remainder when x is divided by 8.
6
Let b = -291 + 525. Let f = b - 165. What is the remainder when f is divided by 24?
21
Let y = 27 - 7. Let n(d) = -15*d + 4. What is the remainder when n(-5) is divided by y?
19
Suppose i - 3*s = -1, 3*s - 3 = -0. Suppose 3*g - 13 = i*g. What is the remainder when 37 is divided by g?
11
Suppose -4*f = -2 - 14. Suppose -4*p + 14 = -c, 3*c + f*p = 4 + 34. What is the remainder when 22 is divided by c?
4
Suppose q = -q + 78. What is the remainder when q is divided by 2?
1
Suppose 96 = 5*o - 44. Calculate the remainder when 109 is divided by o.
25
Let s be (-336)/(-18)*(-9)/(-2). Suppose s = -4*b + 8*b. Calculate the remainder when 61 is divided by b.
19
Let c be ((-36)/30)/(1/5). Let y(q) = -q**2 - 8*q - 6. Calculate the remainder when y(c) is divided by 2.
0
Suppose u - 16 = -4. Suppose 2*t - 7 = t. What is the remainder when u is divided by t?
5
Suppose 2*o - 5 - 4 = -3*d, -o - 5*d = -15. Let y = 4 + o. Let g = 32 + -17. What is the remainder when g is divided by y?
3
Suppose 3*n = 3*f + f - 351, 5*n + 255 = 3*f. Let c = 24 - 1. What is the remainder when f is divided by c?
21
Suppose -6*h = -4*y - 4*h - 132, -h - 172 = 5*y. Calculate the remainder when 1 + 47 + 4/2 is divided by 1*y/(1*-2).
16
Let t = 93 - 53. Let a = 41 - 62. Let z = a - -35. Calculate the remainder when t is divided by z.
12
Let f = 4 + -4. Suppose o - 22 - 2 = f. What is the remainder when o is divided by 13?
11
Let f(z) = -z. Let j = -1 - -1. Suppose 2*b + 4*g = 42, -b - 2*g + 3*g + 6 = j. Calculate the remainder when b is divided by f(-3).
2
Let u be ((-3)/(-5))/((-1)/(-30)). Suppose 3*y - u = -0*y - 3*t, 0 = 4*y - 2*t - 36. Calculate the remainder when 14 is divided by y.
6
Suppose -4*b + 7 = -i + 30, 4*i + 2*b = 20. What is the remainder when 67 is divided by i?
4
Suppose 2*g - 3 - 7 = 0. Suppose 3*i - 8 = k - 1, -g*k = -3*i - 1. What is the remainder when 4 is divided by k?
0
Let p be (-22)/3*-12*1. Suppose 5*l - x - 110 = -0*x, -4*x = 4*l - p. Calculate the remainder when l is divided by 6.
4
Suppose -3*y - 102 = -3*g, -84 = -2*g + 3*y - 5*y. Let c = g +